culate the highest common divisor of k and o.
5
Let j = 4804 + -4734. Let z = 2052 - 1422. Calculate the highest common divisor of z and j.
70
Let o(x) = 8*x**2 - 3*x + 2. Let m be o(3). Let r = m - -103. What is the greatest common factor of 21 and r?
21
Let n be (19/(760/1328))/(10/175). Calculate the highest common factor of 249 and n.
83
Suppose -3*s = 15 - 75. Let y be 33*15*(-14)/(-63). Calculate the greatest common divisor of y and s.
10
Let s(j) = -j**3 + 14*j**2 - 25*j + 7. Let x be s(11). Suppose -2*o = q + 5, -15 = 2*q + 5*o - 0. Calculate the greatest common divisor of x and q.
5
Let m be (316/8)/(-1) - (-2)/(-4). Let x = m + 139. Let y(o) = 5*o - 1. Let j be y(2). Calculate the highest common factor of x and j.
9
Let s(y) = y**3 + 8*y**2 - 74*y - 9. Let q be s(6). Suppose -4*p = 4, 4*c + 4*p - 475 = 3*p. What is the highest common divisor of q and c?
17
Let o be 10*(-12)/400*-10. What is the greatest common divisor of o and 1158?
3
Let w(i) = -26*i - 862. Let h be w(-51). What is the highest common divisor of 1276 and h?
116
Let y be (-20)/90 + (-605)/(-9). Let w = 97 - y. Let p(a) = a**3 + 12*a**2 - 15*a - 11. Let d be p(-13). What is the highest common divisor of w and d?
15
Suppose 92*h = 81*h + 22. Suppose 0 = -3*f + 5*f - 42. Suppose -h*v + f = 5*m, -v - 15 = -5*v - m. What is the greatest common divisor of v and 12?
3
Let r be 3/(-2) + 48735/190. Suppose 0 = -5*u + 4*b + 409 + 344, 0 = -u - 5*b + 168. Calculate the greatest common factor of r and u.
51
Suppose -2*t = 5*q + 2*t - 584, -233 = -2*q - t. Let d be 1 + (6*q)/1. Calculate the highest common factor of 17 and d.
17
Suppose 0 = 4*o + 2*j - 32, 5*o - 3*j + 2*j - 26 = 0. Let n(g) = 136*g - 602. Let a be n(5). Calculate the highest common factor of a and o.
6
Suppose 3*p - 23 = z - 5, 9 = -3*z. Suppose 0 = x - 2*x - 3*a - 6, x + p*a = -14. Calculate the highest common factor of x and 138.
6
Let l(p) = -6*p - 6. Let m be l(-6). Let q = 30002 + -29972. Calculate the highest common divisor of m and q.
30
Let o(k) = -30*k**3 - 125*k**2 - 3*k - 8. Let a be o(-5). What is the greatest common factor of 152 and a?
8
Let u be (0 - -18 - 10)*3/2. Let o(j) = -j**2 + 18*j - 27. Let n be o(u). What is the greatest common factor of 5 and n?
5
Let z be 4 + (-1 + -343)/(-4). Suppose -295 + 303 = -s. Let k(m) = 2*m + 25. Let b be k(s). Calculate the greatest common divisor of b and z.
9
Let y = -15 - -36. Let c = y + -18. Let q = 1185 - 1128. What is the highest common divisor of c and q?
3
Let v(z) = -z**2 + 19*z - 28. Let o be v(13). Let t be 20/(-6)*-18 - 2. Let b = t - o. What is the greatest common factor of 6 and b?
2
Suppose c - 83 = -5*i, -83*c + i = -80*c - 329. Calculate the highest common divisor of 1116 and c.
36
Let u = 5584 + -5522. What is the highest common factor of u and 36?
2
Let k be (-1 - 1) + 42/2. Let a = -12029 - -12086. Calculate the greatest common divisor of k and a.
19
Suppose -5*l = -115 - 235. Let h = -30208 - -30250. What is the highest common divisor of l and h?
14
Suppose -p - 164 = -4*v, -2*p = 222*v - 219*v - 134. Calculate the highest common divisor of 588 and v.
42
Let q(z) = 2*z**2 + 40*z + 192. Let b be q(-6). Suppose -1091 = -b*v + 109. What is the greatest common factor of 30 and v?
10
Suppose 161 + 84 = s - 325. Calculate the highest common factor of s and 342.
114
Let w(l) = l**2 + 5*l + 1. Let p be w(-5). Let z be -20 + 24 + 105/p. Suppose -c + 8 = 4*i - 15, -4*c + z = -i. What is the highest common factor of 135 and c?
27
Let o(w) = -2*w**2 - 11*w - 3. Let y be o(-5). Suppose y*j - 6 = 5*j. Let p(i) = -2*i - 1. Let k be p(j). What is the highest common factor of 33 and k?
3
Let o(n) = -5*n - 1. Let g be o(-5). Let i = -182 - -185. Suppose 0*t = i*c + 5*t - 98, 0 = -4*c - 3*t + 138. Calculate the highest common divisor of c and g.
12
Let g be (4 + (-105)/14)*(-10 + -2). Let c = 81 - 23. Suppose -2*j + c = 2*a, -4*j + 1 = -3. Calculate the highest common divisor of g and a.
14
Let o = -4833 + 5393. What is the greatest common divisor of 105 and o?
35
Suppose -14 = 3*t + 37. Let n(a) = a + 21. Let r be n(t). Suppose r*o - 988 = 4*v, -25 = v + 4*v. Calculate the highest common factor of 22 and o.
22
Suppose -15*a + 11*a = 5*f - 3164, -3*a = 4*f - 2372. Suppose -a = -31*t + 1808. Calculate the highest common factor of 288 and t.
12
Suppose 20*o - 597 = 2683. Suppose 2*r = -4*j - j + o, 2 = r. Calculate the highest common divisor of j and 160.
32
Suppose -19*m + 396 = 14*m. Suppose 3*s + 8 = 56. Calculate the greatest common divisor of s and m.
4
Let b = -36 + 62. Suppose b*i - 28*i + 52 = 0. Let p = -18 + i. What is the highest common factor of 88 and p?
8
Suppose 2*m + 4*j - 48 = 0, m + 6 - 44 = 5*j. Suppose 2*p - p - 504 = 0. What is the highest common factor of p and m?
28
Let n = -333 - -528. Suppose -2*y = -n + 189. Calculate the greatest common factor of 8 and y.
1
Suppose 110 = -62*f + 67*f. Let r = -90 + 94. What is the highest common divisor of f and r?
2
Suppose 182*k = 185*k - 5*t - 19, 4*t - 68 = -4*k. Calculate the greatest common factor of 1079 and k.
13
Let v(o) = -o**3 + 10*o**2 + 12*o - 7. Let u be ((-22)/3)/((-10)/15). Let z be v(u). Calculate the greatest common factor of 18 and z.
2
Let w(b) = 2*b**3 + 37*b**2 - 59*b + 24. Let f be w(-20). Suppose -10*v = -6*v - 3*u - 746, 2*u = f. Calculate the highest common divisor of 658 and v.
94
Let y be 27/4 - 4/(-16). Let o(a) = -3244*a - 3020. Let h be o(-1). Calculate the highest common factor of y and h.
7
Suppose 20*q + 3565 = -4235. Let d be (-9)/12 - q/8. What is the greatest common factor of 3 and d?
3
Suppose -5*v + 151 = 5*i - 6*v, -v + 149 = 5*i. Suppose -424*n + 423*n = -i. Calculate the greatest common factor of n and 24.
6
Let c = 264 - 152. Suppose -322*q + 9492 = -96*q. What is the greatest common divisor of q and c?
14
Let v(f) = 2*f**2 + 4*f - 10. Let d be v(-6). Let l = 36 - d. Let n(w) = 9*w**2. Let g be n(l). What is the greatest common divisor of g and 24?
12
Let p = -12648 - -18106. Calculate the highest common factor of p and 2.
2
Let b be (-105)/50*-5*(-148)/(-6). Calculate the greatest common factor of b and 1369.
37
Let r be 21/28 - 175/4. Let g = -28 - r. Suppose 2*y - 22*y + 1500 = 0. What is the highest common divisor of g and y?
15
Let c(x) = -x**3 + 2*x**2 + 2*x - 4. Let v be c(2). Suppose 0 = 4*q - n - v*n - 1, -2*q = -n - 3. Let t = q + 28. What is the highest common factor of 81 and t?
27
Let t = -96 + 98. Suppose -217 = -t*s + 135. Calculate the highest common factor of 16 and s.
16
Let z be 10108/224 + 2*(-2)/32. Calculate the greatest common factor of 3285 and z.
45
Let m(k) = -2*k**2 - 211*k - 3195. Let s be m(-87). What is the highest common factor of 12096 and s?
24
Suppose 6*t = 3*t + 4*t. Suppose -3*w + 36 - 30 = t. Let d be 2 - (-1 - 0) - w/1. What is the highest common divisor of 7 and d?
1
Let x(a) = -a**3 - 7*a**2 - 2*a + 9. Let d(c) = 3*c**3 - 37*c**2 + 13*c - 19. Let k be d(12). Let t be x(k). Calculate the greatest common divisor of t and 92.
23
Let a = 119 + -114. Suppose 0 = a*c + 5*p, 4*p = 4*c - c. Suppose n + 94 = 2*i + i, c = 3*i - 5*n - 86. Calculate the highest common factor of 128 and i.
32
Let u be (-7)/(42/4)*-3*23. Suppose -5*f + 457 = -358. Let q = f - u. Calculate the highest common factor of q and 78.
39
Let j = 3349 - 1567. Calculate the highest common factor of j and 54.
54
Let j be -3*(-2)/3*7. Let c = -804 + 806. Suppose g = 2*p - 27, -c*p - 2*p + 5*g = -51. What is the greatest common factor of p and j?
14
Suppose -134*a + 12000 = 16*a. Let b(g) = 6*g**2 + 10. Let x be b(-5). What is the highest common factor of x and a?
80
Let d(m) = -m - 18. Let i be d(-20). Let p be (-20 + 19)*(-6)/i. Suppose -3*h + 33 = 4*b, p*b + h - 3*h = 12. Calculate the greatest common factor of 6 and b.
6
Suppose -2*p = -2*k - 24824, 3*k + 1 = -5. Suppose 755 - p = -35*v. Calculate the highest common divisor of v and 37.
37
Suppose 47*q + 2525 = 11079. What is the greatest common factor of 98 and q?
14
Suppose 534*c - 8545 = 529*c - l, -3445 = -2*c + 5*l. Calculate the greatest common factor of c and 270.
90
Let v = -22107 + 22260. Let s = -3 - -2. Let f be 9*(-2 - 3/s). What is the greatest common factor of v and f?
9
Suppose 3*j = 2*h +